?
1
Let h(c) be the first derivative of 73*c**3/3 - c**2/2 - 1. What is the tens digit of h(1)?
7
Suppose -8*c = -1347 + 171. Let p = c - -5. What is the hundreds digit of p?
1
What is the hundreds digit of (-52 - -48) + (-1168)/(-1)?
1
Suppose -3*k = 0, 5*w - 127 = 2*k + 238. Suppose s - 5 = 4*j, s + 4*s + 4*j = w. What is the units digit of s?
3
Let c = 42 - 37. Suppose c*v = 218 - 8. What is the tens digit of v?
4
Let i = -123 + 1081. What is the units digit of i?
8
Let l(h) = 3*h - 4*h - 2 + 9. Let q be (-2)/((-24)/(-2)) - 148/(-24). What is the units digit of l(q)?
1
Let u be 0/(1 - 0/1). Suppose u = 7*p - p - 48. Let k = p + 6. What is the tens digit of k?
1
Suppose 0*c + c = 4*r - 26, -r - 5*c = 4. Suppose u + 55 = l - r, -u + 125 = 2*l. What is the units digit of l?
2
Let z(h) = -6*h**2 - 3*h + 3. Let u be z(-3). Let p = u + 31. Let t = 22 - p. What is the units digit of t?
3
Let v(n) = n - 2 - 2*n**2 + 5 - 2 + 3*n**2. Let u(b) = b + 6. Let c be u(-8). What is the units digit of v(c)?
3
Let i = 398 + -354. What is the tens digit of i?
4
Let f(s) = -2*s - 17. Let h be f(-7). What is the tens digit of 1/(-3)*-39 + h?
1
Suppose 8 = 3*h + 2. Suppose -h*g = 3*g - 320. What is the units digit of g?
4
Let t = 162 - 680. What is the tens digit of 4/((-16)/t) + 5/10?
3
Suppose -2*m + 6 = m. Let d = m - 13. Let i(f) = -f**3 - 11*f**2 - f + 11. What is the tens digit of i(d)?
2
Let i = 4183 + -2780. What is the thousands digit of i?
1
Suppose 9*d + 2624 = 13*d. What is the tens digit of d?
5
Suppose 0 = 3*h + 5*q - 0 - 6, q - 9 = 2*h. What is the units digit of 31 - (-2)/((-6)/h)?
2
Suppose -y - 1 = -5. Let t be 5*(7 - y/4). Suppose -2*h + d = -d - t, 12 = 2*h + 4*d. What is the units digit of h?
2
Suppose 3*v + q - 19 = 0, 2*q - q = -4*v + 25. Let f = 176 - v. Suppose -2*w = 5*t - f, 2*t - 2*w - 87 = w. What is the units digit of t?
6
Suppose 7*l = -149 + 5350. What is the units digit of l?
3
Let u = -1225 + 2675. What is the units digit of u?
0
Let v(u) = 9*u + 78. Let n be v(0). Suppose -3*i = -0*i - 5*c - 255, n = i - 4*c. What is the tens digit of i?
9
Let t(i) = -72*i**2 - 8*i. Let z be t(6). What is the tens digit of z/(-36) - (-2)/3?
7
Suppose 0 = 3*j - 8*j - 3*t + 143, -2*j = -5*t - 82. Let z = j - 34. What is the tens digit of 35/(z + 5 + -1)?
3
Suppose 0 = -4*w - 3*n - 0 + 6, 0 = 2*w + n - 2. Suppose 2*r = -2*s + 156, -r = -w*r - 4*s - 58. What is the tens digit of r?
7
Let o(k) = -17*k + 37. Let p(h) = -9*h + 19. Suppose 0 = -3*c + 2*n + n, n = 5*c - 12. Let z(d) = c*o(d) - 5*p(d). What is the units digit of z(-6)?
2
What is the tens digit of (-12)/78 - 47692/(-52)?
1
Let a be 2*4/(-16)*-4. Suppose o = -a*i + 115, -6*o + 3*o + 353 = 2*i. What is the tens digit of o?
1
Let a(s) = 388*s - 9. What is the tens digit of a(8)?
9
Let c be ((-830)/(2/1))/(-1). Let f(z) = -13*z + 91. Let k be f(7). Suppose k*d - c = -5*d. What is the tens digit of d?
8
Let f = 19 - 15. Suppose -4*d - 65 = 5*s - 219, -s - f*d + 18 = 0. What is the tens digit of s?
3
Let s(x) = -3*x - 66. Let u be s(-14). Suppose 94 = v + v. Let y = u + v. What is the units digit of y?
3
Let i = -9 - -11. Suppose 739 = 3*f - 5*z, -i*z - 742 = -3*f - 0*z. What is the units digit of f?
8
Let h(t) = -t**3 - t**2 - 3*t - 618. Let a be h(0). What is the units digit of 1/4 + a/(-24)?
6
Suppose -4*y + 2 + 10 = 0. Suppose 2*l + y*l = 3*i + 31, -l - 1 = -3*i. What is the tens digit of (5 - l)/((-3)/35)?
3
Let t(g) = 56*g**2 - 47*g - 3. What is the hundreds digit of t(-5)?
6
Let a be (-16)/(8/68*-1). Suppose -a = -6*j + 62. What is the tens digit of j?
3
Suppose 3*c = n + 258, 4*c - 333 = 10*n - 5*n. Let h = c + -65. What is the units digit of h?
2
Let s(d) be the second derivative of 7*d**3/3 - 2*d**2 + 12*d. What is the tens digit of s(4)?
5
Let k(u) = -2*u**3 - 3*u**2 + 6*u + 4. Let j be (2/3)/(5/(-30)). Let n be k(j). Suppose -5*y + 2*y = -n. What is the tens digit of y?
2
Let h(u) = 458*u - 11. What is the hundreds digit of h(9)?
1
Let q = 21 + -5. Let i be -15*(1 - q/12). Suppose i*l - 3*h + 2*h - 46 = 0, 1 = -h. What is the units digit of l?
9
Let v(k) = -189*k - 45. What is the tens digit of v(-3)?
2
Suppose 2*d + 3*i + 7 = 0, -5*d + 31 + 4 = -3*i. Suppose 3*h + 2*o - 44 + 12 = 0, -3*o = -d*h + 20. Let y(q) = -q**2 + 11*q - 4. What is the tens digit of y(h)?
2
Let q = 210 + 1626. Suppose -18*p = -p - q. What is the hundreds digit of p?
1
Let g = 272 - 104. Suppose -g = -3*k + 5*t, -4*t - 186 = -2*k - 76. What is the units digit of k?
1
Let l(s) = 4*s**2 - 10*s + 1. Let i(t) = -3*t**2 + 7*t - 1. Let v(g) = 7*i(g) + 5*l(g). Let c be v(-6). Let o = 57 + c. What is the units digit of o?
5
Let a be (4/(-4))/(-2)*6. Let y be (-68)/2 - (-1 - a). What is the units digit of -24*(y/9 + 2)?
2
Suppose 0 = 7*g - 5*g - 6. Suppose g*v - 234 = -3*b, 3*v = -2*b + 2*v + 153. What is the tens digit of b?
7
What is the units digit of (-7 + 16)*(-2 - -40)?
2
Let x(u) = 28*u**2 + 4*u - 1. Let l be x(2). Let z = l - 20. What is the units digit of z?
9
Suppose b = 4*x - 805, 2*x + 590 = 5*x + 2*b. Suppose -5*m - x + 565 = 0. What is the units digit of m?
3
Let f(w) be the second derivative of w**4/12 - 2*w**3/3 - 3*w**2/2 - 4*w. Let t be f(-2). Let b = 4 + t. What is the tens digit of b?
1
Let g(a) = -a**2 - 51*a + 1219. What is the units digit of g(0)?
9
Suppose 0 = 7*r - 2*r - 15. Suppose -5 = -r*u + 199. What is the tens digit of 6/21 + u/7?
1
Suppose -u - 15 = 4*u. Let x(d) = 7*d**2 + 2*d - 2. What is the units digit of x(u)?
5
Let d = -953 + 2141. What is the hundreds digit of d?
1
Suppose -10 = -4*m - 5*w, 9*w - 10 = 2*m + 4*w. Suppose 5*y + 3*y - 952 = m. What is the tens digit of y?
1
Suppose -4*d = -3*a + 11, -a = -d - 2 - 2. What is the units digit of a*5/75*57*3?
7
Let o(a) = 5*a**2 + a - 1. Suppose m - 4 = 2*m. What is the units digit of o(m)?
5
Let d be ((-4)/5)/(15/(-1200)). Let s = d + -25. What is the tens digit of s?
3
Let a(b) be the first derivative of 7*b**2/2 + 13*b + 3. Let w(y) = -3*y - 6. Let c(n) = -2*a(n) - 5*w(n). What is the units digit of c(-3)?
1
Let a(m) = 3*m**2 + 7*m + 14. Let i be a(7). What is the tens digit of (-1 + 2)/(6/i)?
3
What is the hundreds digit of (1 - (-118)/(-4))*(-1406)/57?
7
Suppose -2*n + 5 = 3*h, -4*h + 2 = -n + 6*n. Let d be (-5 - (-48)/6) + 4/2. Suppose -h*s + d = -31. What is the tens digit of s?
1
Let x(t) = -4*t**2 - 6*t - 13. Let s(i) = 4*i**2 + 7*i + 14. Let q(n) = -5*s(n) - 6*x(n). What is the tens digit of q(4)?
7
Let o(z) = -z**2 - 4*z + 6. Let m be o(-13). Let b = -49 - m. What is the units digit of b?
2
What is the units digit of 21/3 - (-2249)/13?
0
Let n(j) = 22*j - 20. Let h(d) = -21*d + 21. Let o(s) = 4*h(s) + 5*n(s). What is the tens digit of o(4)?
8
Let i(w) be the third derivative of -23*w**6/720 - w**5/120 + w**4/12 + 2*w**2. Let b(d) be the second derivative of i(d). What is the tens digit of b(-1)?
2
Suppose -4*i - 5*n = -2*n - 1103, 0 = -n + 1. Let v = -179 + i. What is the units digit of v?
6
Let j(b) = -b - 1. Let r be j(-6). Suppose 3*u - 5 = -r*x, 2*x - 17 = -4*u - 1. Suppose -2 = -s - u, -11 = -o + s. What is the units digit of o?
8
Suppose 8*n - 78 = 2*n. Suppose 9*i = n*i - 472. What is the hundreds digit of i?
1
Suppose 1956 = -0*o + 6*o. Suppose 2*j - 154 = -0*j - 2*h, 4*j = 5*h + o. What is the tens digit of j?
7
Suppose -l - 2940 = -2*n, -n - 4*l = -816 - 645. What is the thousands digit of n?
1
Suppose -5*h = 10, 0 = -4*j + h - 0*h - 646. What is the units digit of (-6)/(-6) - (0 - j/(-2))?
2
Suppose k = 0, 2*d - 3*d - 5*k = -4. What is the units digit of (1 - 2) + 0 + (99 - d)?
4
Suppose -p + 49 = -2*b, p = -3*b - b + 43. Let f = p - -19. What is the units digit of f?
6
Let y(q) = -q**2 - 3*q + 4. Let r be -3 + (-4)/(4/4). Let x be y(r). What is the units digit of (1/(-6))/(4/x)?
1
Suppose -11*s = -22*s - 187. Suppose 48 - 9 = p. Let w = p + s. What is the units digit of w?
2
Let q be (-4 + 5 - 0) + (1 - -2). Suppose 0 = 5*y - 3*f - 729, -494 - 73 = -q*y - 3*f. What is the units digit of y?
4
Let p(u) = u + 1. Let f be p(1). Suppose 2*j - 400 = -f*j. What is the units digit of j?
0
Let h(r) = -22*r + 2. Let i be -3 + 7 + (1 - 1). Suppose 0 = -2*l - 4*j - 2, -5*l - 15 = i*j - 4. What is the tens digit of h(l)?
6
L